umber?
True
Is 12899 a prime number?
True
Is 1707131 composite?
True
Is 34063 composite?
True
Is 114877 a prime number?
False
Is 17785 composite?
True
Is 43931 a composite number?
True
Is 35173 a composite number?
True
Is 9601 composite?
False
Is 815 a prime number?
False
Is 146141 a composite number?
False
Is 31669 a prime number?
False
Is 30881 composite?
False
Is 452449 a prime number?
False
Is 3961 prime?
False
Is 8269 a prime number?
True
Is 3377 composite?
True
Is 28387 a prime number?
True
Is 5549 prime?
False
Is 54203 a composite number?
True
Is 62857 composite?
True
Is 1777733 prime?
True
Is 5509 a composite number?
True
Is 1949 composite?
False
Is 9865 composite?
True
Is 10137197 a prime number?
False
Is 8369 a prime number?
True
Is 499507 a prime number?
True
Is 1426321 a prime number?
False
Is 3140179 prime?
False
Is 3137 a composite number?
False
Is 5245 a prime number?
False
Is 264349 a prime number?
True
Is 60861 composite?
True
Is 88169 prime?
True
Is 1597 prime?
True
Is 116789 prime?
True
Is 268403 prime?
True
Is 14933 prime?
False
Is 1039 a composite number?
False
Is 24142 a prime number?
False
Is 62277 a composite number?
True
Is 16411 a prime number?
True
Is 4918 composite?
True
Is 131323 a composite number?
True
Is 187003 a prime number?
True
Is 799 prime?
False
Is 401041 prime?
False
Is 2053 composite?
False
Is 12437 composite?
False
Is 103879 composite?
True
Is 1183874 composite?
True
Is 218231 composite?
True
Is 194809 composite?
False
Is 1261 composite?
True
Is 9781 a composite number?
False
Is 1541 a composite number?
True
Is 130577 a prime number?
False
Is 133258 a prime number?
False
Is 74773 composite?
True
Is 82019 composite?
True
Is 1516187 a prime number?
True
Is 971554 a prime number?
False
Is 10577 composite?
True
Is 152687 composite?
True
Is 14519 composite?
False
Is 1780411 prime?
True
Is 861013 composite?
False
Is 2912497 a composite number?
True
Is 5147 prime?
True
Is 573 composite?
True
Is 373 prime?
True
Is 106081 a composite number?
True
Is 2836207 prime?
False
Is 324391 a composite number?
False
Is 59833 a composite number?
False
Is 1361 a composite number?
False
Is 20249 composite?
False
Is 11423 a prime number?
True
Is 15685 a composite number?
True
Is 2103 a composite number?
True
Is 63241 a prime number?
True
Is 3571 composite?
False
Is 41453 prime?
True
Is 16127 composite?
False
Is 379267 a composite number?
True
Is 19567 a prime number?
False
Is 707 a composite number?
True
Is 65801 prime?
False
Is 44519 a prime number?
True
Is 37951 a prime number?
True
Is 5731 a composite number?
True
Is 1356181 a prime number?
True
Is 68473 prime?
True
Is 28339 composite?
True
Is 55021 composite?
False
Is 5412455 prime?
False
Is 22013 a composite number?
False
Is 74 composite?
True
Is 226079 a prime number?
False
Is 39281 a prime number?
False
Is 72517 composite?
True
Is 3961 composite?
True
Is 296521 a prime number?
False
Is 184323 prime?
False
Is 7909 a composite number?
True
Is 63853 composite?
False
Is 1352893 a composite number?
False
Is 56821 prime?
True
Is 379 a prime number?
True
Is 615005 a prime number?
False
Is 172955 a prime number?
False
Is 92447 a composite number?
True
Is 84551 a composite number?
False
Is 188537 composite?
True
Is 393 a prime number?
False
Is 31499 composite?
True
Is 1693 prime?
True
Is 36962 composite?
True
Is 14954 a composite number?
True
Is 4561 prime?
True
Is 84299 prime?
True
Is 34981 prime?
True
Is 26305 a composite number?
True
Is 2705 composite?
True
Is 199333 a prime number?
False
Is 77195 prime?
False
Is 15259 a composite number?
False
Is 40423 prime?
True
Is 25831 composite?
True
Is 49097 a prime number?
False
Is 40097 composite?
True
Is 691057 a composite number?
True
Is 66587 prime?
True
Is 18451 a composite number?
False
Is 76519 composite?
False
Is 4569 a prime number?
False
Is 8501 a composite number?
False
Is 182227 prime?
False
Is 20161 prime?
True
Is 408997 a prime number?
True
Is 1279039 a composite number?
False
Is 329117 a composite number?
True
Is 24271 prime?
False
Is 59771 a composite number?
False
Is 47041 prime?
True
Is 1087 composite?
False
Is 318523 composite?
False
Is 5077 prime?
True
Is 34583 prime?
True
Is 737 a composite number?
True
Is 73133 composite?
False
Is 12071 a composite number?
False
Is 26153 a composite number?
False
Is 72799 prime?
False
Is 19661 a prime number?
True
Is 12457 a prime number?
True
Is 116939 a prime number?
False
Is 31403 a prime number?
False
Is 45077 a prime number?
True
Is 115503 a composite number?
True
Is 83827 a prime number?
False
Is 45659 a composite number?
False
Is 78703 composite?
True
Is 19238 a composite number?
True
Is 8861 prime?
True
Is 59287 a composite number?
True
Is 449 a prime number?
True
Is 10687 composite?
False
Is 1777 a composite number?
False
Is 19531 a prime number?
True
Is 53773 a prime number?
True
Is 4613 a composite number?
True
Is 56777 composite?
True
Is 6299 a composite number?
False
Is 20411 a prime number?
True
Is 39965 prime?
False
Is 256783 prime?
False
Is 1300357 a composite number?
True
Is 57047 prime?
True
Is 420929 composite?
False
Is 86837 a composite number?
False
Is 7669 composite?
False
Is 171859 composite?
True
Is 45739 prime?
False
Is 997 a prime number?
True
Is 26669 a prime number?
True
Is 176017 a prime number?
True
Is 6229 composite?
False
Is 148615 composite?
True
Is 2631 prime?
False
Is 131503 prime?
False
Is 640771 a prime number?
True
Is 86923 a composite number?
False
Is 496739 prime?
False
Is 95701 a composite number?
False
Is 1402309 composite?
False
Is 4861 a composite number?
False
Is 845489 a composite number?
False
Is 82391 a prime number?
False
Is 6102041 prime?
False
Is 2773 a prime number?
False
Is 1559411 a composite number?
True
Is 374287 prime?
True
Is 31469 composite?
False
Is 1085833 a composite number?
True
Is 273749 composite?
True
Is 74653 a prime number?
True
Is 430277 a prime number?
True
Is 648563 a composite number?
False
Is 753731 composite?
True
Is 33001 composite?
True
Is 479099 a prime number?
False
Is 326863 a composite number?
False
Is 21839 a composite number?
False
Is 433137 a prime number?
False
Is 321729 prime?
False
Is 2923 a composite number?
True
Is 183346 a prime number?
False
Is 142271 a prime number?
True
Is 20287 composite?
False
Is 140843 composite?
True
Is 933533 composite?
True
Is 5006 a composite number?
True
Is 15571 composite?
True
Is 23314 composite?
True
Is 925339 a prime number?
True
Is 221261 composite?
False
Is 127 a composite number?
False
Is 19661 a composite number?
False
Is 10847 a prime number?
True
Is 361843 a prime number?
True
Is 28961 a composite number?
False
Is 10597 a composite number?
False
Is 6581 a prime number?
True
Is 3281 a prime number?
False
Is 1478901 composite?
True
Is 727541 prime?
True
Is 103273 prime?
False
Is 186401 prime?
False
Is 59197 a composite number?
False
Is 242911 composite?
False
Is 47819 a composite number?
False
Is 1320791 a composite number?
False
Is 810179 prime?
False
Is 63489 prime?
False
Is 11777 a prime number?
True
Is 105667 prime?
True
Is 158611 prime?
True
Is 2017 a prime number?
True
Is 181567 prime?
False
Is 461257 prime?
True
Is 15926 a prime number?
False
Is 6389 a prime number?
True
Is 307423 prime?
True
Is 9091 a prime number?
True
Is 103171 a prime number?
True
Is 2947 a prime number?
False
Is 10453 a composite number?
False
Is 433135 a composite number?
True
Is 4177 a prime number?
True
Is 68833 prime?
False
Is 33959 composite?
True
Is 16301 a prime number?
True
Is 26959 prime?
True
Is 10 composite?
True
Is 5249 a prime number?
False
Is 38501 composite?
False
Is 425647 a composite number?
True
Is 94631 prime?
False
Is 116563 a prime number?
False
Is 5413 prime?
True
Is 139967 prime?
True
Is 3071 prime?
False
Is 699923 composite?
True
Is 73313 composite?
True
Is 228967 a prime number?
False
Is 1406519 composite?
True
Is 672001 composite?
True
Is 66133 composite?
True
Is 61343 composite?
False
Is 341833 prime?
False
Is 426383 prime?
True
Is 563327 a composite number?
False
Is 49097 prime?
False
Is 75011 a composite number?
False
Is 71518 prime?
False
Is 247199 a prime number?
False
Is 2149 a prime number?
False
Is 5212853 composite?
False
Is 87053 prime?
F